o base 3
-21110
Convert 260 (base 8) to base 3.
20112
201 (base 6) to base 9
81
Convert 9 (base 11) to base 4.
21
6 (base 13) to base 5
11
What is 13 (base 4) in base 6?
11
111 (base 3) to base 12
11
-8 (base 9) to base 13
-8
What is 3 (base 14) in base 13?
3
-3 (base 10) to base 5
-3
Convert 0 (base 5) to base 9.
0
What is 19 (base 12) in base 2?
10101
What is -32 (base 14) in base 10?
-44
3 (base 6) to base 4
3
What is -6 (base 9) in base 13?
-6
Convert 122 (base 5) to base 10.
37
What is 1a (base 16) in base 12?
22
What is -132 (base 4) in base 8?
-36
10 (base 12) to base 2
1100
Convert -3 (base 7) to base 13.
-3
-120 (base 3) to base 15
-10
Convert 99 (base 16) to base 8.
231
What is 126 (base 11) in base 12?
105
What is 0 (base 9) in base 6?
0
Convert 3 (base 11) to base 15.
3
What is 1 (base 14) in base 4?
1
Convert -5f (base 16) to base 10.
-95
What is 3 (base 5) in base 13?
3
What is a (base 15) in base 2?
1010
-20b (base 12) to base 10
-299
What is -14 (base 15) in base 14?
-15
15 (base 13) to base 12
16
-120 (base 9) to base 8
-143
Convert 0 (base 16) to base 12.
0
Convert -13 (base 5) to base 13.
-8
-33 (base 16) to base 6
-123
Convert 522 (base 8) to base 7.
662
Convert -26 (base 10) to base 11.
-24
Convert -43 (base 6) to base 3.
-1000
What is -49 (base 12) in base 7?
-111
a0 (base 14) to base 3
12012
-2 (base 8) to base 5
-2
What is -4 (base 5) in base 15?
-4
-213 (base 4) to base 16
-27
Convert -3 (base 8) to base 14.
-3
Convert 14 (base 7) to base 2.
1011
-2 (base 15) to base 10
-2
15 (base 7) to base 11
11
What is 1 (base 4) in base 7?
1
Convert 7 (base 8) to base 16.
7
Convert 65 (base 9) to base 15.
3e
Convert 1 (base 2) to base 3.
1
What is -100 (base 2) in base 16?
-4
What is 445 (base 7) in base 10?
229
-27 (base 11) to base 8
-35
Convert 1011 (base 2) to base 8.
13
Convert 10 (base 4) to base 16.
4
Convert 10101110 (base 2) to base 10.
174
-1 (base 6) to base 16
-1
-4 (base 16) to base 5
-4
Convert 4 (base 12) to base 15.
4
What is -2 (base 9) in base 5?
-2
What is 30 (base 7) in base 9?
23
Convert 1012 (base 3) to base 2.
100000
20 (base 4) to base 16
8
-7 (base 12) to base 8
-7
What is -7 (base 16) in base 15?
-7
What is -3 (base 8) in base 11?
-3
Convert -18 (base 10) to base 3.
-200
What is -261 (base 9) in base 6?
-1001
What is 7a (base 15) in base 12?
97
Convert -2a (base 16) to base 10.
-42
-2222 (base 3) to base 6
-212
Convert -134 (base 9) to base 15.
-77
What is -101 (base 3) in base 2?
-1010
What is -110111 (base 2) in base 15?
-3a
100011 (base 2) to base 15
25
Convert -1010 (base 2) to base 13.
-a
Convert -11 (base 10) to base 6.
-15
212 (base 3) to base 16
17
What is 38 (base 13) in base 7?
65
Convert -2c (base 13) to base 9.
-42
Convert -11100 (base 2) to base 6.
-44
Convert -10 (base 4) to base 9.
-4
1 (base 2) to base 9
1
-21 (base 14) to base 12
-25
16 (base 9) to base 8
17
Convert 32 (base 9) to base 13.
23
da (base 16) to base 6
1002
20 (base 8) to base 3
121
What is 111100 (base 2) in base 14?
44
Convert 1100 (base 6) to base 5.
2002
What is -7 (base 8) in base 12?
-7
Convert 1 (base 8) to base 9.
1
What is 1112 (base 5) in base 13?
c1
What is 30 (base 5) in base 9?
16
-1 (base 3) to base 8
-1
Convert -191 (base 13) to base 4.
-10133
Convert 2 (base 13) to base 9.
2
Convert -a (base 13) to base 16.
-a
What is 1305 (base 6) in base 7?
650
Convert 44 (base 13) to base 14.
40
What is 1111 (base 2) in base 8?
17
-60 (base 7) to base 13
-33
What is 233 (base 4) in base 2?
101111
12a (base 13) to base 7
412
Convert -2 (base 16) to base 9.
-2
4 (base 12) to base 14
4
12 (base 6) to base 7
11
What is -4 (base 9) in base 3?
-11
What is -1111 (base 2) in base 15?
-10
What is 20 (base 4) in base 9?
8
3 (base 6) to base 13
3
Convert 6 (base 8) to base 16.
6
Convert 5 (base 11) to base 4.
11
-6 (base 16) to base 11
-6
31 (base 8) to base 14
1b
-17 (base 9) to base 7
-22
What is -1001111 (base 2) in base 14?
-59
Convert -10 (base 5) to base 9.
-5
What is -100 (base 7) in base 14?
-37
Convert 20 (base 12) to base 13.
1b
What is -30 (base 12) in base 14?
-28
What is 256 (base 9) in base 10?
213
4 (base 12) to base 9
4
-102 (base 11) to base 5
-443
-433 (base 5) to base 2
-1110110
Convert -2 (base 12) to base 14.
-2
What is -21 (base 5) in base 7?
-14
Convert 10222 (base 3) to base 14.
79
Convert 1021 (base 5) to base 4.
2020
Convert 6 (base 10) to base 16.
6
Convert -1 (base 4) to base 15.
-1
Convert -4 (base 11) to base 4.
-10
11111000 (base 2) to base 8
370
What is 363 (base 7) in base 12?
140
20 (base 16) to base 13
26
7 (base 15) to base 2
111
-88 (base 10) to base 8
-130
What is -2 (base 16) in base 6?
-2
-13 (base 8) to base 2
-1011
Convert 100 (base 2) to base 4.
10
-46 (base 8) to base 7
-53
2 (base 7) to base 3
2
Convert -21 (base 13) to base 10.
-27
Convert 180 (base 12) to base 6.
1040
Convert -1 (base 4) to base 11.
-1
-6 (base 12) to base 2
-110
What is -3 (base 7) in base 2?
-11
Convert 110 (base 4) to base 5.
40
Convert -9 (base 15) to base 13.
-9
-10 (base 12) to base 9
-13
What is -1 (base 5) in base 15?
-1
Convert -4 (base 8) to base 12.
-4
-22 (base 3) to base 4
-20
What is 11 (base 2) in base 14?
3
Convert 3 (base 4) to base 8.
3
What is 6 (base 15) in base 9?
6
-1143 (base 5) to base 3
-20102
Convert -26 (base 16) to base 4.
-212
71 (base 14) to base 6
243
1 (base 3) to base 9
1
50 (base 10) to base 14
38
111 (base 8) to base 13
58
Convert -4 (base 12) to base 11.
-4
Convert 20011 (base 3) to base 15.
b1
-1d (base 16) to base 7
-41
112 (base 8) to base 9
82
What is -1111 (base 2) in base 5?
-30
Convert -20 (base 6) to base 4.
-30
What is -10100000 (base 2) in base 6?
-424
-11220 (base 3) to base 12
-b0
8 (base 14) to base 2
1000
2 (base 5) to base 7
2
What is -35 (base 14) in base 9?
-52
Convert 120 (base 8) to base 11.
73
What is 123 (base 4) in base 10?
27
What is 4 (base 8) in base 13?
4
What is 111100 (base 2) in base 4?
330
What is 1 (base 6) in base 12?
1
Convert -34 (base 13) to base 12.
-37
What is -20 (base 3) in base 4?
-12
-2 (base 7) to base 9
-2
36 (base 13) to base 12
39
What is -443 (base 8) in base 15?
-146
Convert -43 (base 6) to base 14.
-1d
Convert -17 (base 9) to base 13.
-13
1001 (base 2) to base 5
14
What is 10 (base 3) in base 11?
3
What is 4 (base 13) in base 9?
4
Convert 2 (base 9) to base 12.
2
Convert 33 (base 6) to base 4.
111
What is -53 (base 9) in base 13?
-39
16 (base 8) to base 9
15
Convert -b (base 12) to base 16.
-b
What is 40 (base 12) in base 6?
120
Convert -6 (base 11) to base 9.
-6
Convert -2 (base 7) to base 10.
-2
Convert 100 (base 4) to base 3.
121
Convert -1 (base 15) to base 13.
-1
What is 136 (base 13) in base 14?
114
Convert -111011 (base 2) to base 15.
-3e
What is -18 (base 14) in base 9?
-24
48 (base 14) to base 4
1000
-132 (base 9) to base 2
-1101110
What is -12 (base 3) in base 15?
-5
What is 1 (base 5) in base 7?
1
-11 (base 16) to base 12
-15
Convert -17 (base 8) to base 4.
-33
Convert 252 (base 8) to base 12.
122
Convert 2 (base 4) to base 12.
2
Convert -11 (base 14) to base 13.
-12
Convert 3 (base 7) to base 4.
3
Convert 15 (base 8) to base 12.
11
What is -a (base 14) in base 15?
-a
What is -100 (base 2) in base 5?
-4
What is -30 (base 7) in base 15?
-16
1 (base 8) to base 5
1
-152 (base 8) to base 2
-1101010
What is -80 (base 16) in base 6?
-332
-8 (base 9) to base 11
-8
Convert 28 (base 11) to base 12.
26
What is d2 (base 14) in base 13?
112
What is 20 (base 4) in base 8?
10
What is -132 (base 4) in base 13?
-24
What is -72 (base 12) in base 16?
-56
What is 8 (base 10) in base 6?
12
4 (base 14) to base 11
4
-6 (base 12) to base 14
-6
Convert -4 (base 14) to base 16.
-4
Convert -72 (base 15) to base 10.
-107
Convert 11010 (base 2) to base 6.
42
22 (base 5) to base 4
30
-3 (base 4) to base 10
-3
2 (base 11) to base 12
2
Convert -243 (base 6) to base 9.
-120
What is -4 (base 9) in base 3?
-11
Convert 12 (base 9) to base 5.
21
Convert 1000 (base 3) to base 15.
1c
Convert -11 (base 2) to base 15.
-3
What is -10 (base 5) in base 6?
-5
-12 (base 4) to base 10
-6
0 (base 8) to base 10
0
-39 (base 13) to base 6
-120
Convert 1 (base 7) to base 2.
1
What is 1022 (base 4) in base 12?
62
1 (base 6) to base 5
1
Convert -47 (base 14) to base 10.
-63
-